{"id":2055,"date":"2014-06-01T13:39:00","date_gmt":"2014-06-01T12:39:00","guid":{"rendered":"http:\/\/www.aquila-austria.at\/?page_id=2055"},"modified":"2017-01-28T23:57:04","modified_gmt":"2017-01-28T22:57:04","slug":"die-aquila-ist-zurueck-oesterreich","status":"publish","type":"page","link":"https:\/\/www.aquila-austria.at\/?page_id=2055","title":{"rendered":"Die Aquila ist zur\u00fcck in \u00d6sterreich!"},"content":{"rendered":"<p>&nbsp;<\/p>\n<h2 style=\"text-align: left;\">Projekt <img loading=\"lazy\" decoding=\"async\" class=\"alignnone size-full wp-image-403\" src=\"http:\/\/www.aquila-austria.at\/wp-content\/uploads\/2013\/10\/A-logo21.gif\" alt=\"A-logo2\" width=\"72\" height=\"78\">quila 2017 &#8211; Gut Ding braucht Weile<\/h2>\n<p>Die Aquila ist zur\u00fcck in \u00d6sterreich! Eine Neuauflage des beliebten Zweimannboots mit Trapez und Spinnaker wird in der ersten Saisonh\u00e4lfte 2017 eingef\u00fchrt! Dabei wird das bew\u00e4hrte Konzept der letzten 40 Jahre mit modernster zeitgem\u00e4\u00dfer Anordnung der Beschl\u00e4ge kombiniert.<\/p>\n<h3>Aktuelle Definition des Neubaus<\/h3>\n<ul>\n<li>Bekenntnis zu einer Schwert- und Hubkielversion &#8211; zu Beginn wird die Schwertversion verf\u00fcgbar sein, die Hubkielversion soll folgen.<\/li>\n<li>Es werden unterschiedliche Ausf\u00fchrungen angeboten: von der preislich sehr interessanten Familien-Jolle (ohne Traveller und ohne Spinnaker) bis zur voll ausgestatteten Performance Version.<\/li>\n<li>Farbvarianten: Standardm\u00e4\u00dfig wird die Aquila 2017 in Wei\u00df gebaut \u2013 optional sind gegen Aufpreis beliebige Farbt\u00f6ne erh\u00e4ltlich.<\/li>\n<li>Modernisierung der verwendeten Techniken und Materialien im Rahmen des Rumpfbaues, die Boote werden jedoch nicht leichter, damit \u00e4ltere Boote keine Nachteile bei Regatten haben.<\/li>\n<li>Serienm\u00e4\u00dfig wird selbstverst\u00e4ndlich ein Fockroller, sowie die effiziente Trimmm\u00f6glichkeit von Vor- und Unterliek des Gro\u00dfsegels sein. Betreffend stehendem Gut wird es beidseitig nur jeweils eine Want geben, keine Varianten mit Unterwanten.<\/li>\n<li>Der Vertrieb von neuen Booten und Ersatzteilen wird ausschlie\u00dflich \u00fcber die Firma <strong>redSAILING<\/strong> (eine Sparte der redNET Services GmbH) erfolgen.<\/li>\n<\/ul>\n<h3>Vorteile der Bootsklasse Aquila<\/h3>\n<ul>\n<li>slipbar<\/li>\n<li>einfach zu trailern<\/li>\n<li>Stabiler Rumpf<\/li>\n<li>g\u00fcnstige aber trotzdem hochwertige Segelgarderobe<\/li>\n<li>sowohl als sportliches Regattaboot wie auch gem\u00fctliches Familienboot verwendbar<\/li>\n<li>kein kostenintensiver Wasser-Liegeplatz notwendig<\/li>\n<li>ger\u00e4umiges Cockpit<\/li>\n<li>einhandtauglich<\/li>\n<li>ger\u00e4umiges Vorschiff zum Verstauen von Zubeh\u00f6r und Material<\/li>\n<li>geringe laufende Betriebskosten<\/li>\n<\/ul>\n<p>&nbsp;<\/p>\n<h3>Technische Details<\/h3>\n<h4>Bootsma\u00dfe<\/h4>\n<table class=\"nozebra\" border=\"0\" cellspacing=\"0\" cellpadding=\"0\">\n<tbody>\n<tr>\n<td width=\"10%\">&nbsp;<\/td>\n<td width=\"25%\">L\u00e4nge \u00fcA<\/td>\n<td width=\"25%\">6,30 m<\/td>\n<td width=\"40%\">&nbsp;<\/td>\n<\/tr>\n<tr>\n<td width=\"10%\">&nbsp;<\/td>\n<td width=\"25%\">Breite \u00fcA<\/td>\n<td width=\"25%\">1,90 m<\/td>\n<td width=\"40%\">&nbsp;<\/td>\n<\/tr>\n<tr>\n<td width=\"10%\">&nbsp;<\/td>\n<td width=\"25%\">Tiefgang<\/td>\n<td width=\"25%\">0,25 m bis 0,83 m Kiel<br \/>\n0,15 m bis 1,10 m Schwert<\/td>\n<td width=\"40%\">&nbsp;<\/td>\n<\/tr>\n<tr>\n<td width=\"10%\">&nbsp;<\/td>\n<td width=\"25%\">Masth\u00f6he<\/td>\n<td width=\"25%\">7,15 m<\/td>\n<td width=\"40%\">&nbsp;<\/td>\n<\/tr>\n<tr>\n<td width=\"10%\">&nbsp;<\/td>\n<td width=\"25%\">Gewicht (segelfertig)<\/td>\n<td width=\"25%\">360kg Kiel<br \/>\n280kg Schwert<\/td>\n<td width=\"40%\">&nbsp;<\/td>\n<\/tr>\n<\/tbody>\n<\/table>\n<h4>Segelfl\u00e4che<\/h4>\n<table class=\"nozebra\" border=\"0\" cellspacing=\"0\" cellpadding=\"0\">\n<tbody>\n<tr>\n<td width=\"10%\">&nbsp;<\/td>\n<td width=\"25%\">Segelfl\u00e4che am Wind<\/td>\n<td width=\"25%\">18 m\u00b2<\/td>\n<td width=\"40%\">&nbsp;<\/td>\n<\/tr>\n<tr>\n<td width=\"10%\">&nbsp;<\/td>\n<td width=\"25%\">Gro\u00dfsegel<\/td>\n<td width=\"25%\">10,5 m\u00b2<\/td>\n<td width=\"40%\">&nbsp;<\/td>\n<\/tr>\n<tr>\n<td width=\"10%\">&nbsp;<\/td>\n<td width=\"25%\">Fock<\/td>\n<td width=\"25%\">7,5 m\u00b2<\/td>\n<td width=\"40%\">&nbsp;<\/td>\n<\/tr>\n<tr>\n<td width=\"10%\">&nbsp;<\/td>\n<td width=\"25%\">Spinnaker<\/td>\n<td width=\"25%\">19 m\u00b2<\/td>\n<td width=\"40%\">&nbsp;<\/td>\n<\/tr>\n<\/tbody>\n<\/table>\n<h4>Sonstiges<\/h4>\n<table class=\"nozebra\" border=\"0\" cellspacing=\"0\" cellpadding=\"0\">\n<tbody>\n<tr>\n<td width=\"10%\">&nbsp;<\/td>\n<td width=\"25%\">Takelungsart<\/td>\n<td width=\"25%\">Slup<\/td>\n<td width=\"40%\">&nbsp;<\/td>\n<\/tr>\n<tr>\n<td width=\"10%\">&nbsp;<\/td>\n<td width=\"25%\">Yardstickzahl<\/td>\n<td width=\"25%\">113 Kiel<br \/>\n110 Schwert<\/td>\n<td width=\"40%\">&nbsp;<\/td>\n<\/tr>\n<\/tbody>\n<\/table>\n<p>&nbsp;<\/p>\n<h3>Ihre Meinung ist uns wichtig<\/h3>\n<p>und es wir w\u00fcrde uns sehr freuen wenn Sie uns Ihre Ideen und Vorstellungen zur Neuauflage der Bootsklasse Aquila mitteilen!<\/p>\n<p><p class=\"wpcf7-contact-form-not-found\"><strong>Fehler:<\/strong> Kontaktformular wurde nicht gefunden.<\/p><br \/>\n<span style=\"color: #ff0000;\"><em>*Pflichtfeld<\/em><\/span><\/p>\n<p>&nbsp;<\/p>\n<h3>Anfragen und weitere Details<\/h3>\n<div>Raoul Otter<br \/>\nBurenstr. 55\/3<br \/>\n8020 Graz<br \/>\nTel.: (+43) 0316\/581043<br \/>\nHandy: (+43) 0664\/80610750<\/div>\n<div>E-Mail: <a>raoul.otter@granit-bau.at<\/a><\/div>\n<p>&nbsp;<\/p>\n<h3>Ich m\u00f6chte eine <img loading=\"lazy\" decoding=\"async\" class=\"alignnone size-full wp-image-551\" src=\"http:\/\/www.aquila-austria.at\/wp-content\/uploads\/2013\/10\/A-logo4.gif\" alt=\"A logo\" width=\"72\" height=\"78\">quila 2017 vorbestellen:<\/h3>\n<p>Voraussichtlicher Liefertermin: erste Saisonh\u00e4lfte 2017<\/p>\n<p><p class=\"wpcf7-contact-form-not-found\"><strong>Fehler:<\/strong> Kontaktformular wurde nicht gefunden.<\/p><br \/>\n<span style=\"color: #ff0000;\"><em>*Pflichtfeld<\/em><\/span><\/p>\n","protected":false},"excerpt":{"rendered":"<p>&nbsp; Projekt quila 2017 &#8211; Gut Ding braucht Weile Die Aquila ist zur\u00fcck in \u00d6sterreich! Eine Neuauflage des beliebten Zweimannboots mit Trapez und Spinnaker wird in der ersten Saisonh\u00e4lfte 2017 eingef\u00fchrt! Dabei wird das bew\u00e4hrte Konzept der letzten 40 Jahre mit modernster zeitgem\u00e4\u00dfer Anordnung der Beschl\u00e4ge kombiniert. Aktuelle Definition des Neubaus Bekenntnis zu einer Schwert- [&hellip;]<\/p>\n","protected":false},"author":2081,"featured_media":0,"parent":0,"menu_order":0,"comment_status":"open","ping_status":"closed","template":"","meta":{"_bbp_topic_count":0,"_bbp_reply_count":0,"_bbp_total_topic_count":0,"_bbp_total_reply_count":0,"_bbp_voice_count":0,"_bbp_anonymous_reply_count":0,"_bbp_topic_count_hidden":0,"_bbp_reply_count_hidden":0,"_bbp_forum_subforum_count":0,"ngg_post_thumbnail":0,"footnotes":""},"class_list":["post-2055","page","type-page","status-publish","czr-hentry"],"_links":{"self":[{"href":"https:\/\/www.aquila-austria.at\/index.php?rest_route=\/wp\/v2\/pages\/2055","targetHints":{"allow":["GET"]}}],"collection":[{"href":"https:\/\/www.aquila-austria.at\/index.php?rest_route=\/wp\/v2\/pages"}],"about":[{"href":"https:\/\/www.aquila-austria.at\/index.php?rest_route=\/wp\/v2\/types\/page"}],"author":[{"embeddable":true,"href":"https:\/\/www.aquila-austria.at\/index.php?rest_route=\/wp\/v2\/users\/2081"}],"replies":[{"embeddable":true,"href":"https:\/\/www.aquila-austria.at\/index.php?rest_route=%2Fwp%2Fv2%2Fcomments&post=2055"}],"version-history":[{"count":48,"href":"https:\/\/www.aquila-austria.at\/index.php?rest_route=\/wp\/v2\/pages\/2055\/revisions"}],"predecessor-version":[{"id":4268,"href":"https:\/\/www.aquila-austria.at\/index.php?rest_route=\/wp\/v2\/pages\/2055\/revisions\/4268"}],"wp:attachment":[{"href":"https:\/\/www.aquila-austria.at\/index.php?rest_route=%2Fwp%2Fv2%2Fmedia&parent=2055"}],"curies":[{"name":"wp","href":"https:\/\/api.w.org\/{rel}","templated":true}]}}